 11, 47, 266089
List the prime factors of 3918636138.
2, 3, 179, 197, 18521
List the prime factors of 1440101399.
11, 17, 571, 13487
List the prime factors of 69521792.
2, 543139
List the prime factors of 16966865.
5, 3393373
List the prime factors of 263086043.
11, 23916913
What are the prime factors of 1152126312?
2, 3, 17, 2823839
List the prime factors of 2134910785.
5, 7, 60997451
What are the prime factors of 27694889?
27694889
What are the prime factors of 1088929197?
3, 19, 139, 15271
List the prime factors of 1028694069.
3, 13, 277, 31741
What are the prime factors of 329414555?
5, 65882911
What are the prime factors of 2000668310?
2, 5, 43, 457, 10181
What are the prime factors of 127502396?
2, 7, 43, 105899
What are the prime factors of 14125717?
641, 22037
List the prime factors of 154067516.
2, 38516879
List the prime factors of 119512378.
2, 31, 1927619
List the prime factors of 57344422.
2, 28672211
List the prime factors of 194743695.
3, 5, 457, 28409
List the prime factors of 150864009.
3, 19, 79, 33503
List the prime factors of 228407445.
3, 5, 7, 80567
List the prime factors of 110414059.
7, 15773437
List the prime factors of 33490375.
5, 113, 2371
What are the prime factors of 7640592?
2, 3, 159179
What are the prime factors of 1490701222?
2, 109, 6838079
List the prime factors of 759264957.
3, 11, 241, 263
What are the prime factors of 5245422922?
2, 2622711461
List the prime factors of 801655597.
59, 251, 54133
What are the prime factors of 246848209?
19, 191, 251, 271
What are the prime factors of 49684722?
2, 3, 8280787
What are the prime factors of 81780973?
81780973
List the prime factors of 13918530.
2, 3, 5, 97, 4783
List the prime factors of 3119673.
3, 1039891
List the prime factors of 63544477.
149, 421, 1013
What are the prime factors of 130065925?
5, 11, 19, 31, 73
List the prime factors of 27063114.
2, 3, 13, 346963
List the prime factors of 2422719313.
7, 346102759
What are the prime factors of 110666889?
3, 17, 37, 113, 173
List the prime factors of 150782069.
150782069
List the prime factors of 1419523536.
2, 3, 601, 49207
What are the prime factors of 111665784?
2, 3, 4652741
What are the prime factors of 242850476?
2, 11, 19, 15289
What are the prime factors of 963061215?
3, 5, 367, 174943
List the prime factors of 220409582.
2, 110204791
What are the prime factors of 27801642?
2, 3, 11, 89, 4733
What are the prime factors of 4965185?
5, 993037
List the prime factors of 7126251.
3, 11, 23, 41, 229
List the prime factors of 34084167.
3, 13, 17, 101, 509
List the prime factors of 1041585961.
13, 311, 257627
What are the prime factors of 624011947?
13, 229, 263, 797
List the prime factors of 197385288.
2, 3, 83, 99089
What are the prime factors of 114004505?
5, 79, 397, 727
What are the prime factors of 44061604?
2, 11015401
List the prime factors of 5126761230.
2, 3, 5, 17, 29, 11953
List the prime factors of 2362044144.
2, 3, 49209253
What are the prime factors of 1254927035?
5, 23, 10912409
List the prime factors of 409552305.
3, 5, 27303487
What are the prime factors of 36396822?
2, 3, 7, 11, 78781
What are the prime factors of 4553817254?
2, 7, 37, 89, 103, 137
What are the prime factors of 389599750?
2, 5, 19, 82021
What are the prime factors of 4411760473?
4411760473
What are the prime factors of 724927345?
5, 17, 8528557
List the prime factors of 8068597286.
2, 4034298643
What are the prime factors of 818841526?
2, 2393, 171091
List the prime factors of 4215420636.
2, 3, 7, 19, 397, 6653
List the prime factors of 922108472.
2, 509, 226451
What are the prime factors of 77034789?
3, 13, 658417
List the prime factors of 826979486.
2, 29, 1669, 8543
List the prime factors of 4052274794.
2, 857, 2364221
List the prime factors of 702974367.
3, 78108263
What are the prime factors of 26116605?
3, 5, 89, 6521
List the prime factors of 51780125.
5, 414241
List the prime factors of 612789741.
3, 31, 613, 3583
What are the prime factors of 4112274867?
3, 41, 827, 40427
List the prime factors of 102905698.
2, 7, 7350407
List the prime factors of 25315948.
2, 7, 227, 569
List the prime factors of 320727400.
2, 5, 7, 193, 1187
What are the prime factors of 15272579?
7, 17, 128341
List the prime factors of 1978981449.
3, 211, 3126353
What are the prime factors of 80575816?
2, 439, 22943
What are the prime factors of 287923869?
3, 10663847
What are the prime factors of 3292754314?
2, 661, 2490737
List the prime factors of 406385790.
2, 3, 5, 109, 124277
What are the prime factors of 4055649959?
19, 151, 233, 6067
List the prime factors of 29263266.
2, 3, 709, 2293
List the prime factors of 881211636.
2, 3, 2719789
List the prime factors of 188320283.
188320283
List the prime factors of 109463847.
3, 173, 210913
List the prime factors of 961080055.
5, 13, 139, 106373
List the prime factors of 69562349.
69562349
What are the prime factors of 203004065?
5, 11, 3690983
What are the prime factors of 109113549?
3, 36371183
What are the prime factors of 71701791?
3, 7, 31, 83, 1327
What are the prime factors of 1021942840?
2, 5, 25548571
List the prime factors of 6628219266.
2, 3, 1104703211
List the prime factors of 110554947.
3, 103, 239, 499
List the prime factors of 1927942679.
13, 47, 3155389
List the prime factors of 247388356.
2, 1559, 39671
What are the prime factors of 47469511?
2693, 17627
What are the prime factors of 265246060?
2, 5, 71, 186793
List the prime factors of 44539124.
2, 7, 1590683
What are the prime factors of 775309717?
7, 13, 8519887
What are the prime factors of 444127533?
3, 17, 89, 97847
What are the prime factors of 82673758?
2, 1583, 26113
List the prime factors of 829400482.
2, 263, 1229, 1283
List the prime factors of 1230408830.
2, 5, 7, 17, 60821
List the prime factors of 53396136.
2, 3, 31, 47, 509
List the prime factors of 110975183.
11, 2441, 4133
List the prime factors of 41062277.
41062277
What are the prime factors of 280833165?
3, 5, 6240737
What are the prime factors of 1382135361?
3, 460711787
List the prime factors of 1494550734.
2, 3, 31, 283, 28393
What are the prime factors of 1709775918?
2, 3, 17, 1862501
What are the prime factors of 50401753?
17, 31, 59, 1621
List the prime factors of 2609506.
2, 1304753
What are the prime factors of 64466952?
2, 3, 11, 113, 2161
List the prime factors of 361046819.
7, 167, 308851
What are the prime factors of 1047912783?
3, 349304261
List the prime factors of 109295703.
3, 11, 17, 21647
List the prime factors of 2340505808.
2, 137, 1067749
List the prime factors of 7506996.
2, 3, 7, 17, 751
What are the prime factors of 925844021?
17, 1223, 44531
List the prime factors of 1967870152.
2, 179, 1374211
What are the prime factors of 45034939?
233, 193283
What are the prime factors of 19248519?
3, 911, 7043
List the prime factors of 26887339.
163, 164953
List the prime factors of 126930918.
2, 3, 311, 68023
What are the prime factors of 122451158?
2, 4657, 13147
List the prime factors of 96929626.
2, 71, 223, 3061
What are the prime factors of 263383310?
2, 5, 3947, 6673
What are the prime factors of 92087057?
92087057
What are the prime factors of 39648824?
2, 47, 105449
List the prime factors of 64902801.
3, 21634267
What are the prime factors of 3437198086?
2, 7, 421, 583169
List the prime factors of 5542367526.
2, 3, 19, 101, 160453
What are the prime factors of 2999698168?
2, 4021, 93251
List the prime factors of 970904267.
23, 43, 981703
What are the prime factors of 157016501?
61, 193, 13337
List the prime factors of 494872408.
2, 439, 140909
List the prime factors of 68626764.
2, 3, 211811
List the prime factors of 271815740.
2, 5, 7, 277363
What are the prime factors of 103076408?
2, 167, 77153
List the prime factors of 108423936.
2, 3, 47059
What are the prime factors of 2469374330?
2, 5, 19, 43, 479, 631
List the prime factors of 1074982559.
7, 153568937
List the prime factors of 1969361585.
5, 409, 577, 1669
List the prime factors of 50260717.
13, 1151, 3359
What are the prime factors of 312380352?
2, 3, 97, 5591
What are the prime factors of 3576662492?
2, 13, 68781971
List the prime factors of 10545638.
2, 23, 229253
What are the prime factors of 5239082861?
5239082861
List the prime factors of 1045522.
2, 522761
List the pr